 15, what is 1386b + 655?
13ec1
In base 11, what is -659 + 41308?
4075a
In base 9, what is -754 + 141013?
140148
In base 10, what is -112 - -85131?
85019
In base 7, what is -162245 + 306?
-161636
In base 16, what is -15add5e - -3?
-15add5b
In base 16, what is -2 + 2e094dc?
2e094da
In base 16, what is -1e - -1a29cf4?
1a29cd6
In base 3, what is 1202 + -2111220100?
-2111211121
In base 9, what is -328024 - -368?
-327545
In base 6, what is 23355441 - 1253?
23354144
In base 13, what is 3 + -1897326?
-1897323
In base 15, what is c5ad4 + -415?
c56be
In base 9, what is -14456603 - 83?
-14456686
In base 13, what is 12 - -45b97?
45ba9
In base 5, what is -210412034 + 121?
-210411413
In base 15, what is 1834da + 3?
1834dd
In base 16, what is -821470a + 2?
-8214708
In base 5, what is -41 + 231031240?
231031144
In base 16, what is -4 - 5e3cfd1?
-5e3cfd5
In base 5, what is 133224 - -1022?
134301
In base 10, what is -488170154 + 4?
-488170150
In base 14, what is 4 + -89b870?
-89b86a
In base 3, what is -102002202 + 1202221021?
1100211112
In base 16, what is a - 226802a?
-2268020
In base 7, what is 13 - 3606436?
-3606423
In base 3, what is -2110202211 + -11022121?
-2122002102
In base 15, what is 119 + -33a20?
-33906
In base 7, what is 5041533 - 34?
5041466
In base 11, what is a8083 + -4?
a807a
In base 10, what is 8344 + -4718?
3626
In base 2, what is -100011010 + 100001110000?
11101010110
In base 16, what is -2cf7015 - 3?
-2cf7018
In base 5, what is 32 - 1301133431?
-1301133344
In base 16, what is -14bf4 - ac?
-14ca0
In base 15, what is -c00c05 - 4?
-c00c09
In base 10, what is 22 + 314385?
314407
In base 14, what is a50a1 - -11?
a50b2
In base 14, what is -153a86 + 4d?
-153a37
In base 4, what is -1 + -12231003110233?
-12231003110300
In base 7, what is -24 - -126006032?
126006005
In base 13, what is -143922 + -1c6?
-143b18
In base 6, what is -1433 - -1443413?
1441540
In base 12, what is -41628a + 437?
-415a53
In base 9, what is -4 - -4345417?
4345413
In base 13, what is 1046 + -510?
836
In base 6, what is -1433154 - 202?
-1433400
In base 10, what is 450946 + -1?
450945
In base 9, what is 31 + -117244?
-117213
In base 5, what is -2403 + -12313?
-20221
In base 13, what is 31268 + -7b25?
26443
In base 6, what is 12521 + -110042?
-53121
In base 11, what is -5 + -2621813?
-2621818
In base 8, what is 23663330265 - 2?
23663330263
In base 4, what is -222103 - -10332033?
10103330
In base 8, what is 5 + -22351006?
-22351001
In base 12, what is -1262 + -453b?
-57a1
In base 9, what is -304724 + -123?
-304847
In base 8, what is -327633 + -665?
-330520
In base 12, what is -26883 + -42a2?
-2ab65
In base 9, what is 114314203 + -1?
114314202
In base 16, what is 21559b6 + -4?
21559b2
In base 13, what is 2b53 + -5b77?
-3024
In base 16, what is 3b - -a9be?
a9f9
In base 15, what is -702b + 89?
-6e92
In base 14, what is -1178 - 222ba?
-23454
In base 10, what is -2 - 208828?
-208830
In base 7, what is -11403101502 - 3?
-11403101505
In base 3, what is 2112020121012 - -1020?
2112020122102
In base 9, what is 1637 - 223568?
-221831
In base 13, what is 13 - -4a0739?
4a074c
In base 4, what is 1102331003022 + -10?
1102331003012
In base 6, what is -101521011 - 25?
-101521040
In base 2, what is -101 + -111110001111101001101?
-111110001111101010010
In base 12, what is 21a01276 - 0?
21a01276
In base 11, what is 217a907 + 4?
217a910
In base 5, what is 402040 - 303424?
43111
In base 5, what is 141114 - -243022?
434141
In base 6, what is -1351014543 + -33?
-1351015020
In base 15, what is 1b80 + 1a7?
1d37
In base 4, what is -3 - -20210023332130?
20210023332121
In base 8, what is -63 + 10643665?
10643602
In base 8, what is 271 + 70753?
71244
In base 13, what is 46aa + 265?
4942
In base 16, what is 4eb206c + 0?
4eb206c
In base 10, what is -12 - -24425?
24413
In base 11, what is -2 + 510955?
510953
In base 12, what is -168183 - -81?
-168102
In base 16, what is c65c - 5?
c657
In base 8, what is 2122336 - -116?
2122454
In base 14, what is 238 + 454bad?
455007
In base 15, what is -37c00c + -4a?
-37c057
In base 11, what is 4 - 19a773?
-19a76a
In base 7, what is 3 + 25520130?
25520133
In base 10, what is 11 - 1716483?
-1716472
In base 2, what is 1 - -1001000001001111110000101?
1001000001001111110000110
In base 3, what is 11022002220001 - 12?
11022002212212
In base 7, what is -31055304 - -5?
-31055266
In base 2, what is -100101101110110 + -1001111100000?
-101111101010110
In base 16, what is 407 - -32244?
3264b
In base 9, what is -35542572 - -13?
-35542558
In base 13, what is 3 - 20b62693?
-20b62690
In base 14, what is a083 + -c?
a075
In base 12, what is -3746 + 183?
-3583
In base 16, what is -5 + 148709d8?
148709d3
In base 3, what is -202220122220 - -1012?
-202220121201
In base 12, what is -ab79 + -56b8?
-14675
In base 10, what is 6 + 35320233?
35320239
In base 11, what is 3 - -13551851?
13551854
In base 6, what is 41201154 + -21?
41201133
In base 9, what is -33 - -35788828?
35788785
In base 15, what is 5 - 381071c?
-3810717
In base 14, what is a37699 - 3?
a37696
In base 12, what is -63 + -2393a4a?
-2393ab1
In base 16, what is 10b - -48d0?
49db
In base 3, what is -12100121022001 - 1?
-12100121022002
In base 9, what is 4231204 - 0?
4231204
In base 10, what is 50 + 43434?
43484
In base 16, what is 6bfe - -51?
6c4f
In base 7, what is 503142 + -14415?
455424
In base 16, what is 47 + 3e0e2?
3e129
In base 6, what is -31 - 224150041?
-224150112
In base 16, what is f7b + 93d?
18b8
In base 9, what is 776534 + -171?
776353
In base 8, what is -211 - 42133?
-42344
In base 16, what is fc1 - -4817?
57d8
In base 11, what is -15 + -128169?
-128183
In base 13, what is 31bac46 - -a?
31bac53
In base 3, what is -101 + -112200101021?
-112200101122
In base 13, what is b3528697 - 3?
b3528694
In base 11, what is 2 + 1488344?
1488346
In base 14, what is -146d689 - -4?
-146d685
In base 6, what is 100520 - -420?
101340
In base 14, what is -3 - -8c47d38?
8c47d35
In base 12, what is -23315a + 6?
-233154
In base 16, what is 78d98 + -22?
78d76
In base 5, what is -2003334 - -24242?
-1424042
In base 2, what is 1011011101010 - -11?
1011011101101
In base 5, what is 230214011433 - 2?
230214011431
In base 7, what is 1 - -26351212?
26351213
In base 16, what is 1b2944f - 3?
1b2944c
In base 5, what is -3 - 1010243002?
-1010243010
In base 8, what is -5136525 + -3?
-5136530
In base 7, what is -554 + 245125?
244241
In base 11, what is -5 - 21550a2?
-21550a7
In base 7, what is 1 + -220363266?
-220363265
In base 13, what is -9b8 - a19?
-1704
In base 2, what is -1011 - -100011001001000101000?
100011001001000011101
In base 16, what is 1f - bd963?
-bd944
In base 6, what is -15520023 + -230?
-15520253
In base 5, what is 31141033 + 1023?
31142111
In base 14, what is c + aad49?
aad57
In base 12, what is -8b86679 + -a?
-8b86687
In base 12, what is 74215 - 12a6?
72b2b
In base 16, what is -2eaca + -1100?
-2fbca
In base 13, what is -238 + -1a4099?
-1a4304
In base 7, what is -3 - -3165305?
3165302
In base 7, what is -100132 - 3355?
-103520
In base 4, what is -101333 + 2233322?
2131323
In base 2, what is -111101001101 - 10001110110?
-1001111000011
In base 14, what is -6d + -c29062?
-c290d1
In base 15, what is -271b78 - 7?
-271b80
In base 7, what is 135613 + -1313?
134300
In base 14, what is 5 + 3dbc5b?
3dbc62
In base 9, what is -353 + -6268503?
-6268856
In base 9, what is -13 - -24857?
24844
In base 9, what is 8776245 + 18?
8776264
In base 7, what is 113 - -1356616?
1360032
In base 13, what is 32258b2 - -10?
32258c2
In base 2, what is -110111110011011101 - -1101110?
-110111110001101111
In base 13, what is 10c + 6c228?
6c337
In base 11, what is -196 - -75997?
75801
In base 10, what is -37 + 248032?
247995
In base 9, what is -33266 - 1410?
-34676
In base 4, what is -23 + -333231121323?
-333231122012
In base 15, what is 66e9 + 21?
671a
In base 4, what is -10013 - 120333320?
-121003333
In base 7, what is 45455 - 2605?
42550
In base 3, what is 212001202002 + 1?
212001202010
In base 6, what is -24130250 - 205?
-24130455
In base 16, what is b5520 + -21?
b54ff
In base 4, what is -1331301201203 + 1?
-1331301201202
In base 16, what is 17278 + 17?
1728f
In base 12, what is 1bb367b0 + 0?
1bb367b0
In base 5, what is -434 + 412303134?
412302200
In base 4, what is -1330312202